ivide 247817225?
False
Does 1168 divide 29500984?
False
Is 54497023 a multiple of 8?
False
Does 37 divide 34641842?
True
Does 11 divide 51411745?
True
Is 54248908 a multiple of 438?
False
Does 310 divide 186643780?
False
Is 274641507 a multiple of 21?
True
Is 43559094 a multiple of 196?
False
Does 115 divide 28558640?
True
Is 22457744 a multiple of 4?
True
Is 472 a factor of 2045134587?
False
Is 682989361 a multiple of 25?
False
Is 1155275837 a multiple of 530?
False
Is 908900745 a multiple of 12?
False
Is 92825784 a multiple of 54?
True
Is 51 a factor of 10309037?
False
Is 41160720 a multiple of 1780?
True
Does 168 divide 2802789?
False
Is 19445832 a multiple of 6?
True
Does 38 divide 1744746127?
False
Is 278 a factor of 426194016?
True
Is 165927195 a multiple of 26?
False
Is 37826819 a multiple of 179?
False
Is 21 a factor of 77715078?
True
Is 292 a factor of 154680527?
False
Is 262795588 a multiple of 22?
True
Is 714 a factor of 272910792?
True
Is 157463430 a multiple of 3385?
True
Is 50800090 a multiple of 110?
True
Does 21 divide 11931528?
True
Does 163 divide 77118134?
False
Is 14572288 a multiple of 32?
True
Is 1787 a factor of 9958951?
True
Does 150 divide 1023954267?
False
Is 71859671 a multiple of 2?
False
Does 10 divide 84354104?
False
Is 2230 a factor of 11999630?
True
Is 3616303712 a multiple of 58?
True
Does 30 divide 4268160?
True
Is 409 a factor of 211749765?
False
Does 5 divide 62312603?
False
Does 12 divide 638522976?
True
Is 2 a factor of 24454079?
False
Is 154699385 a multiple of 800?
False
Does 1530 divide 41057550?
True
Does 3 divide 236591913?
True
Does 98 divide 44001280?
False
Is 38 a factor of 141776708?
True
Is 1316558455 a multiple of 3739?
False
Is 3226 a factor of 17549388?
False
Does 166 divide 4314838?
True
Is 165 a factor of 165432630?
True
Is 4 a factor of 18045839?
False
Is 6 a factor of 6473718?
True
Is 10 a factor of 80226010?
True
Does 122 divide 56810520?
True
Is 25211295 a multiple of 104?
False
Does 366 divide 54940992?
True
Is 707 a factor of 3099711774?
False
Is 383859090 a multiple of 666?
True
Does 174 divide 223726938?
True
Is 745 a factor of 94081595?
False
Is 13 a factor of 3437399173?
True
Does 525 divide 605826813?
False
Does 19 divide 7385999?
False
Is 21 a factor of 8378538?
True
Is 19 a factor of 274767322?
True
Is 3127033648 a multiple of 36?
False
Is 1057065 a multiple of 285?
True
Does 458 divide 22579858?
True
Is 129183471 a multiple of 3?
True
Is 1193 a factor of 16440733?
True
Does 283 divide 3069974?
False
Does 295 divide 4011714?
False
Is 30 a factor of 95731680?
True
Is 144127718 a multiple of 1894?
True
Does 55 divide 17154610?
True
Does 49 divide 105583779?
True
Is 189226641 a multiple of 251?
True
Is 285231137 a multiple of 30?
False
Is 3609340650 a multiple of 6?
True
Is 48 a factor of 46275671?
False
Does 133 divide 537057857?
True
Is 39051732 a multiple of 29?
False
Does 134 divide 41424572?
False
Is 7036611030 a multiple of 18?
True
Does 1211 divide 37970905?
True
Is 30 a factor of 148069320?
True
Is 1293539336 a multiple of 64?
False
Does 2746 divide 22244849?
False
Is 323 a factor of 327821421?
True
Does 62 divide 51539918?
True
Does 21 divide 2964047814?
True
Is 47979480 a multiple of 47?
True
Is 380230904 a multiple of 25?
False
Is 1435948175 a multiple of 3?
False
Is 354 a factor of 167814204?
False
Is 1283330811 a multiple of 16?
False
Does 17 divide 257981987?
True
Is 52 a factor of 6294964?
True
Is 527283826 a multiple of 2973?
False
Is 13732374 a multiple of 2141?
True
Does 699 divide 25474584?
False
Is 2232 a factor of 364932355?
False
Does 3619 divide 496104746?
False
Is 3695181958 a multiple of 62?
True
Is 24925845 even?
False
Is 214419570 a multiple of 687?
True
Does 1235 divide 25334541?
False
Is 21154320 a multiple of 45?
True
Is 3093923788 a multiple of 10798?
False
Does 50 divide 152573100?
True
Does 435 divide 39094755?
True
Is 3079469542 a multiple of 830?
False
Is 230434807 a multiple of 138?
False
Does 1255 divide 1799525037?
False
Does 39 divide 53189214?
True
Is 764542127 a multiple of 54?
False
Is 24 a factor of 25741828?
False
Does 16 divide 2432480?
True
Does 6 divide 1375174210?
False
Is 13 a factor of 70817435?
True
Does 382 divide 265268822?
True
Is 476310243 a multiple of 69?
True
Is 409385648 a multiple of 4?
True
Is 21020616 a multiple of 1086?
True
Does 800 divide 111273171?
False
Is 1052 a factor of 5331660893?
False
Does 8 divide 4653980?
False
Is 1087968 a multiple of 336?
True
Does 1756 divide 184384864?
False
Does 21 divide 2436669900?
True
Is 24 a factor of 56581107?
False
Is 404250 a multiple of 14?
True
Is 44 a factor of 55771583?
False
Does 247 divide 284633414?
True
Is 172641850 a multiple of 10?
True
Does 95 divide 32280311?
False
Does 5019 divide 295829898?
True
Does 2122 divide 356827032?
True
Is 2737897120 a multiple of 35?
True
Is 34067207 a multiple of 3?
False
Does 12 divide 5153385?
False
Does 63 divide 104920578?
True
Is 177 a factor of 4932362181?
True
Is 40 a factor of 66375549?
False
Is 62362170 a multiple of 815?
True
Is 1678368125 a multiple of 317?
False
Is 1017577441 a multiple of 2701?
True
Is 130566504 a multiple of 155?
False
Does 272 divide 93657216?
True
Is 544780678 a multiple of 220?
False
Is 56 a factor of 4860576?
True
Does 33 divide 36683196?
True
Does 146 divide 17630705?
False
Does 3 divide 442489190?
False
Is 404 a factor of 5400602108?
True
Is 69557435 a multiple of 627?
False
Is 21 a factor of 1975784153?
False
Is 73266143 a multiple of 133?
False
Is 23 a factor of 2478292384?
False
Is 408212532 a multiple of 6?
True
Is 613248935 a multiple of 65?
True
Is 254 a factor of 47615094?
True
Is 374169685 a multiple of 113?
False
Does 674 divide 830682758?
True
Does 814 divide 297902022?
True
Is 507253552 a multiple of 208?
True
Is 1057 a factor of 528659363?
False
Is 797438103 a multiple of 49?
True
Does 11 divide 351040625?
False
Is 964461094 a multiple of 828?
False
Is 88149384 a multiple of 162?
True
Is 53 a factor of 2362369?
True
Is 204 a factor of 44557322?
False
Is 826 a factor of 2155510059?
False
Is 62 a factor of 1713495?
False
Does 152 divide 65769399?
False
Is 7974560 a multiple of 230?
True
Is 209413746 a multiple of 6382?
False
Is 52 a factor of 1364229828?
True
Is 308 a factor of 800165634?
False
Is 6 a factor of 40800690?
True
Does 40 divide 194191680?
True
Is 25 a factor of 2143730607?
False
Is 90393956 a multiple of 23?
True
Does 5 divide 145470985?
True
Is 2189 a factor of 14435543?
False
Is 2587 a factor of 2034311541?
False
Is 192331622 a multiple of 7?
True
Is 102 a factor of 160576560?
True
Does 7 divide 113715?
True
Is 49289643 a multiple of 39?
True
Does 156 divide 65830284?
True
Is 210 a factor of 308180670?
True
Is 432 a factor of 58668192?
True
Does 37 divide 120632393?
False
Is 64907325 a multiple of 281?
False
Is 32504888 a multiple of 184?
True
Is 94 a factor of 3685828337?
False
Does 365 divide 2860114450?
True
Is 35 a factor of 16051420?
True
Does 3257 divide 334607513?
False
Does 8 divide 17103536?
True
Does 31 divide 853032301?
True
Is 221 a factor of 6827341?
False
Is 118315624 a multiple of 180?
False
Does 173 divide 6288377?
True
Is 16 a factor of 106943200?
True
Is 7 a factor of 10133450?
False
Does 27 divide 1038969369?
True
Is 389744080 a multiple of 80?
True
Is 56 a factor of 182513760?
False
Is 158 a factor of 457836442?
True
Is 852 a factor of 1753318020?
True
Is 643 a factor of 110887096?
False
Is 251799441 a multiple of 4?
False
Is 608028408 a multiple of 4?
True
Does 88 divide 222649064?
True
Is 504163464 a multiple of 33?
False
Does 121 divide 1564108678?
True
Is 150 a factor of 16045639?
False
Does 224 divide 6506249568?
True
Is 905 a factor of 1476465870?
True
Is 70019677 a multiple of 287?
True
Is 89619485 a multiple of 1307?
False
Is 27 a factor of 20206512?
False
Does 139 divide 823147746?
False
Is 22530509 a multiple of 10?
False
Does 52 divide 256541?
False
Is 8 a factor of 50451248?
True
Is 39796523 a multiple of 2151?
False
Does 29 divide 334020929?
False
Is 74904900 a multiple of 21?
True
Is 299594185 a multiple of 121?
True
Is 42 a factor of 22986474?
True
Does 58 divide 94188993?
False
Is 934 a factor of 28859666?
True
Is 63916695 a multiple of 